{"id":1833,"date":"2018-05-10T21:00:29","date_gmt":"2018-05-10T21:00:29","guid":{"rendered":"https:\/\/envasadorasycentrifugas.com\/inicio\/?page_id=1833"},"modified":"2018-05-10T21:27:07","modified_gmt":"2018-05-10T21:27:07","slug":"automatizacion2","status":"publish","type":"page","link":"https:\/\/envasadorasycentrifugas.com\/inicio\/automatizacion2\/","title":{"rendered":"Automatizaci\u00f3n"},"content":{"rendered":"<p>Dise\u00f1amos y programamos circuitos de automatizaci\u00f3n para procesos y equipos industriales.<\/p>\n<p><img loading=\"lazy\" decoding=\"async\" class=\"alignnone size-medium wp-image-1810\" src=\"https:\/\/envasadorasycentrifugas.com\/inicio\/wp-content\/uploads\/2018\/05\/fdgrf-300x225.jpg\" alt=\"\" width=\"300\" height=\"225\" srcset=\"https:\/\/envasadorasycentrifugas.com\/inicio\/wp-content\/uploads\/2018\/05\/fdgrf-300x225.jpg 300w, https:\/\/envasadorasycentrifugas.com\/inicio\/wp-content\/uploads\/2018\/05\/fdgrf-540x405.jpg 540w, https:\/\/envasadorasycentrifugas.com\/inicio\/wp-content\/uploads\/2018\/05\/fdgrf-600x450.jpg 600w, https:\/\/envasadorasycentrifugas.com\/inicio\/wp-content\/uploads\/2018\/05\/fdgrf.jpg 640w\" sizes=\"auto, (max-width: 300px) 100vw, 300px\" \/><\/p>\n<p><img loading=\"lazy\" decoding=\"async\" class=\"alignnone size-medium wp-image-1812\" src=\"https:\/\/envasadorasycentrifugas.com\/inicio\/wp-content\/uploads\/2018\/05\/gdfhgf-300x225.jpg\" alt=\"\" width=\"300\" height=\"225\" srcset=\"https:\/\/envasadorasycentrifugas.com\/inicio\/wp-content\/uploads\/2018\/05\/gdfhgf-300x225.jpg 300w, https:\/\/envasadorasycentrifugas.com\/inicio\/wp-content\/uploads\/2018\/05\/gdfhgf-540x405.jpg 540w, https:\/\/envasadorasycentrifugas.com\/inicio\/wp-content\/uploads\/2018\/05\/gdfhgf-600x450.jpg 600w, https:\/\/envasadorasycentrifugas.com\/inicio\/wp-content\/uploads\/2018\/05\/gdfhgf.jpg 640w\" sizes=\"auto, (max-width: 300px) 100vw, 300px\" \/><\/p>\n<p>La operaci\u00f3n de los equipos de acuerdo con su complejidad puede ser llevados a una pantalla t\u00e1ctil.<\/p>\n<p>Control para m\u00e1quina empacadora de az\u00facar<\/p>\n<p><img loading=\"lazy\" decoding=\"async\" class=\"alignnone size-medium wp-image-1811\" src=\"https:\/\/envasadorasycentrifugas.com\/inicio\/wp-content\/uploads\/2018\/05\/fgdgfd-225x300.jpg\" alt=\"\" width=\"225\" height=\"300\" srcset=\"https:\/\/envasadorasycentrifugas.com\/inicio\/wp-content\/uploads\/2018\/05\/fgdgfd-225x300.jpg 225w, https:\/\/envasadorasycentrifugas.com\/inicio\/wp-content\/uploads\/2018\/05\/fgdgfd-405x540.jpg 405w, https:\/\/envasadorasycentrifugas.com\/inicio\/wp-content\/uploads\/2018\/05\/fgdgfd-600x800.jpg 600w, https:\/\/envasadorasycentrifugas.com\/inicio\/wp-content\/uploads\/2018\/05\/fgdgfd.jpg 675w\" sizes=\"auto, (max-width: 225px) 100vw, 225px\" \/><\/p>\n<p>Dise\u00f1amos y suministramos los controles para equipos industriales con partes de optima calidad y uso comercial.<\/p>\n<p><img loading=\"lazy\" decoding=\"async\" class=\"alignnone size-medium wp-image-1809\" src=\"https:\/\/envasadorasycentrifugas.com\/inicio\/wp-content\/uploads\/2018\/05\/cbvc-300x225.jpg\" alt=\"\" width=\"300\" height=\"225\" srcset=\"https:\/\/envasadorasycentrifugas.com\/inicio\/wp-content\/uploads\/2018\/05\/cbvc-300x225.jpg 300w, https:\/\/envasadorasycentrifugas.com\/inicio\/wp-content\/uploads\/2018\/05\/cbvc-540x405.jpg 540w, https:\/\/envasadorasycentrifugas.com\/inicio\/wp-content\/uploads\/2018\/05\/cbvc-600x450.jpg 600w, https:\/\/envasadorasycentrifugas.com\/inicio\/wp-content\/uploads\/2018\/05\/cbvc.jpg 640w\" sizes=\"auto, (max-width: 300px) 100vw, 300px\" \/><\/p>\n<p>Sistemas de control con ET en campo y CPU en cuarto de controles comunicados por PROFIBUSS.<br \/>\nProgramamos SIEMENS y ALLEN BRADLEY<\/p>\n<p>Hacemos automatizaci\u00f3n a equipos industriales y control de procesos.<br \/>\nReparaci\u00f3n y mantenimiento de equipos electroneumaticos.<br \/>\nMantenimiento el\u00e9ctrico en general y construcci\u00f3n de controles el\u00e9ctricos.<\/p>\n<p>&nbsp;<\/p>\n<p><img loading=\"lazy\" decoding=\"async\" class=\"alignnone size-medium wp-image-1609\" src=\"http:\/\/envasadorasycentrifugas.com\/inicio\/wp-content\/uploads\/2018\/02\/Centrifugas-Automatizadas-en-Colombia-1-300x225.jpg\" alt=\"\" width=\"300\" height=\"225\" srcset=\"https:\/\/envasadorasycentrifugas.com\/inicio\/wp-content\/uploads\/2018\/02\/Centrifugas-Automatizadas-en-Colombia-1-300x225.jpg 300w, https:\/\/envasadorasycentrifugas.com\/inicio\/wp-content\/uploads\/2018\/02\/Centrifugas-Automatizadas-en-Colombia-1-540x405.jpg 540w, https:\/\/envasadorasycentrifugas.com\/inicio\/wp-content\/uploads\/2018\/02\/Centrifugas-Automatizadas-en-Colombia-1-600x450.jpg 600w, https:\/\/envasadorasycentrifugas.com\/inicio\/wp-content\/uploads\/2018\/02\/Centrifugas-Automatizadas-en-Colombia-1.jpg 640w\" sizes=\"auto, (max-width: 300px) 100vw, 300px\" \/> <img loading=\"lazy\" decoding=\"async\" class=\"alignnone size-medium wp-image-1610\" src=\"http:\/\/envasadorasycentrifugas.com\/inicio\/wp-content\/uploads\/2018\/02\/Automatizacion-centrifugas-ecuador-2-300x225.jpg\" alt=\"\" width=\"300\" height=\"225\" srcset=\"https:\/\/envasadorasycentrifugas.com\/inicio\/wp-content\/uploads\/2018\/02\/Automatizacion-centrifugas-ecuador-2-300x225.jpg 300w, https:\/\/envasadorasycentrifugas.com\/inicio\/wp-content\/uploads\/2018\/02\/Automatizacion-centrifugas-ecuador-2-540x405.jpg 540w, https:\/\/envasadorasycentrifugas.com\/inicio\/wp-content\/uploads\/2018\/02\/Automatizacion-centrifugas-ecuador-2-600x450.jpg 600w, https:\/\/envasadorasycentrifugas.com\/inicio\/wp-content\/uploads\/2018\/02\/Automatizacion-centrifugas-ecuador-2.jpg 640w\" sizes=\"auto, (max-width: 300px) 100vw, 300px\" \/><\/p>\n<p>&nbsp;<\/p>\n<p><strong>LO INVITAMOS A LLENAR EL FORMULARIO CON SU SOLICITUD Y ENVIARLO<\/strong><\/p>\n<p>&nbsp;<\/p>\n\n<div class=\"wpcf7 no-js\" id=\"wpcf7-f13-o1\" lang=\"en-US\" dir=\"ltr\">\n<div class=\"screen-reader-response\"><p role=\"status\" aria-live=\"polite\" aria-atomic=\"true\"><\/p> <ul><\/ul><\/div>\n<form action=\"\/inicio\/wp-json\/wp\/v2\/pages\/1833#wpcf7-f13-o1\" method=\"post\" class=\"wpcf7-form init\" aria-label=\"Contact form\" novalidate=\"novalidate\" data-status=\"init\">\n<div style=\"display: none;\">\n<input type=\"hidden\" name=\"_wpcf7\" value=\"13\" \/>\n<input type=\"hidden\" name=\"_wpcf7_version\" value=\"5.7.7\" \/>\n<input type=\"hidden\" name=\"_wpcf7_locale\" value=\"en_US\" \/>\n<input type=\"hidden\" name=\"_wpcf7_unit_tag\" value=\"wpcf7-f13-o1\" \/>\n<input type=\"hidden\" name=\"_wpcf7_container_post\" value=\"0\" \/>\n<input type=\"hidden\" name=\"_wpcf7_posted_data_hash\" value=\"\" \/>\n<input type=\"hidden\" name=\"_wpcf7_recaptcha_response\" value=\"\" \/>\n<\/div>\n<div class=\"row\">\n\t<div class=\"col-xs-12  col-lg-5\">\n\t\t<p><span class=\"wpcf7-form-control-wrap\" data-name=\"your-name\"><input size=\"40\" class=\"wpcf7-form-control wpcf7-text wpcf7-validates-as-required form-control\" aria-required=\"true\" aria-invalid=\"false\" placeholder=\"Su Nombre\" value=\"\" type=\"text\" name=\"your-name\" \/><\/span><br \/>\n<span class=\"wpcf7-form-control-wrap\" data-name=\"your-email\"><input size=\"40\" class=\"wpcf7-form-control wpcf7-text wpcf7-email wpcf7-validates-as-required wpcf7-validates-as-email form-control\" aria-required=\"true\" aria-invalid=\"false\" placeholder=\"Su Correo\" value=\"\" type=\"email\" name=\"your-email\" \/><\/span><br \/>\n<span class=\"wpcf7-form-control-wrap\" data-name=\"your-subject\"><input size=\"40\" class=\"wpcf7-form-control wpcf7-text form-control\" aria-invalid=\"false\" placeholder=\"Su Telef\u00f3no\" value=\"\" type=\"text\" name=\"your-subject\" \/><\/span><br \/>\n<span class=\"wpcf7-form-control-wrap\" data-name=\"empresa\"><input size=\"40\" class=\"wpcf7-form-control wpcf7-text form-control\" aria-invalid=\"false\" placeholder=\"Empresa\" value=\"\" type=\"text\" name=\"empresa\" \/><\/span>\n\t\t<\/p>\n\t<\/div>\n\t<div class=\"col-xs-12  col-lg-7\">\n\t\t<p><span class=\"wpcf7-form-control-wrap\" data-name=\"your-message\"><textarea cols=\"40\" rows=\"10\" class=\"wpcf7-form-control wpcf7-textarea form-control\" aria-invalid=\"false\" placeholder=\"Mensaje\" name=\"your-message\"><\/textarea><\/span>\n\t\t<\/p>\n\t\t<p><input class=\"wpcf7-form-control has-spinner wpcf7-submit btn btn-primary\" type=\"submit\" value=\"ENVIAR MENSAJE\" \/><br \/>\n\t\t\n\t\t<\/p>\n\t<\/div>\n<\/div><div class=\"wpcf7-response-output\" aria-hidden=\"true\"><\/div>\n<\/form>\n<\/div>\n\n","protected":false},"excerpt":{"rendered":"<p>Dise\u00f1amos y programamos circuitos de automatizaci\u00f3n para procesos y equipos industriales. La operaci\u00f3n de los equipos de acuerdo con su complejidad puede ser llevados a una pantalla t\u00e1ctil. Control para m\u00e1quina empacadora de az\u00facar Dise\u00f1amos y suministramos los controles para equipos industriales con partes de optima calidad y uso comercial. Sistemas de control con ET &hellip;<\/p>\n","protected":false},"author":1,"featured_media":0,"parent":0,"menu_order":0,"comment_status":"closed","ping_status":"closed","template":"","meta":{"footnotes":""},"class_list":["post-1833","page","type-page","status-publish","hentry"],"_links":{"self":[{"href":"https:\/\/envasadorasycentrifugas.com\/inicio\/wp-json\/wp\/v2\/pages\/1833","targetHints":{"allow":["GET"]}}],"collection":[{"href":"https:\/\/envasadorasycentrifugas.com\/inicio\/wp-json\/wp\/v2\/pages"}],"about":[{"href":"https:\/\/envasadorasycentrifugas.com\/inicio\/wp-json\/wp\/v2\/types\/page"}],"author":[{"embeddable":true,"href":"https:\/\/envasadorasycentrifugas.com\/inicio\/wp-json\/wp\/v2\/users\/1"}],"replies":[{"embeddable":true,"href":"https:\/\/envasadorasycentrifugas.com\/inicio\/wp-json\/wp\/v2\/comments?post=1833"}],"version-history":[{"count":4,"href":"https:\/\/envasadorasycentrifugas.com\/inicio\/wp-json\/wp\/v2\/pages\/1833\/revisions"}],"predecessor-version":[{"id":1844,"href":"https:\/\/envasadorasycentrifugas.com\/inicio\/wp-json\/wp\/v2\/pages\/1833\/revisions\/1844"}],"wp:attachment":[{"href":"https:\/\/envasadorasycentrifugas.com\/inicio\/wp-json\/wp\/v2\/media?parent=1833"}],"curies":[{"name":"wp","href":"https:\/\/api.w.org\/{rel}","templated":true}]}}